 -4 + (-15 - -5) + (20 - -2 - 29).
-10
Calculate -11 + 65 + -30 + -29.
-5
Calculate 18 + -28 + 12 + -48.
-46
Calculate (-4 - (-9 - -12)) + (-1 - 3 - -1 - -48).
38
Calculate 11 - (141 - (160 + 23)).
53
What is -75 + 172 - (17 - -28)?
52
Evaluate 39 - (53 + 22 - 93).
57
What is (-3 - 6 - -13 - 10 - 9) + 10?
-5
What is the value of -2 + 9 + -24 + (2 - 128) + 23?
-120
What is the value of 3 + 15 + -62 + 50 + (1 - 46)?
-39
What is the value of -54 - (127 + -14 + -80)?
-87
Calculate 0 - 36 - (-9 + (-27 - -16 - -44) + -23).
-37
(-2 - 5) + (16 - 1 - 0) - (75 + 11)
-78
4368 + -4375 - (0 - -17)
-24
What is -9 - ((-13 - 8) + 34 - -29)?
-51
Calculate 6 + (3 - 5 - (58 + 1 + (98 - 110))).
-43
Calculate 47 + 1 - ((-97 - 119) + 179).
85
(141 - 41) + (-3 - 48)
49
2 + 1 + (-1385 - -1305)
-77
Calculate (2 - 1 - 34) + -4 + 2 + 258 + -252.
-29
Evaluate -9 + -9 + 18 + 28 + (36 - 54).
10
What is -106 - (47 + -165) - -8?
20
-6 + (45 - 18) + 1 - -9
31
What is the value of -4 + (72 - 94 - (8 + (1 - -1)))?
-36
Evaluate (3 - -16 - 49) + (2 + 3 - 0).
-25
What is 67 - (49 + (48 - -16))?
-46
-28 - (2 + 17 + -17 - 5 - 10)
-15
What is (-82 + 53 - (-3 - 14)) + -21?
-33
Calculate -206 - -155 - ((35 - 33) + (4 - (0 + -2))).
-59
Evaluate (50 - -7) + (21 - 1) + -30.
47
What is the value of 55 + (24 - 6) - (-27 + 3)?
97
What is -27 + -2 + (-2 + (23 - 1) - (888 + -876))?
-21
What is the value of -16 - 0 - (-27 + 29) - 3?
-21
10 - (-48 - -97) - (0 - ((0 - 2) + 10))
-31
-101 + 112 + -33 + (2 - -1) - 2
-21
Calculate (-132 - -113) + -2 + 5 + -44 + -1.
-61
What is -15 + -26 - (-11 + (-2 + (-2 - 1) - -7))?
-32
17 + (-35 - -28) - 14 - (66 + (3 - 5))
-68
47 + -37 + -1 + 15 + -34
-10
Evaluate -13 - (9 + -39 + 23 + 0 - 14).
8
Calculate (0 - 7) + (-47 - (-12 + (22 - 20))) + 16.
-28
Evaluate 64 + 1 + -77 + (-159 - -211).
40
Evaluate 19 + (46 - 63) - (-20 + 1).
21
What is -97 - ((-5 - (20 + -34)) + -19) - 11?
-98
Calculate (159 - (-45 + 38)) + -80.
86
44 - ((46 - (19 + 25)) + -41)
83
What is -15 - (-16 - 18) - (46 - 15)?
-12
Calculate 2 + -4 + (-3 - -8) + 15 + (28 - 15).
31
Evaluate -3 - (8 - (61 + (11 - 2) - -4)).
63
-4 - (-3 - (-36 + 0) - (-3 - -14))
-26
What is -27 + (33 - (-9 + 33)) - -97?
79
What is the value of -16 + 50 + (-98 - -98)?
34
Evaluate 8 + (5 - (18 - (-21 + 39))).
13
What is the value of -31 - (-4 - ((-6 - -15) + -31 + 18))?
-31
Evaluate (-21 - ((-123 - -109) + 2 + 2)) + 11.
0
What is 1 - 27 - (42 - 55 - (-14 - -14))?
-13
Evaluate (28 - 0) + 159 + (48 - 306).
-71
1720 + -1782 - (-18 + -2)
-42
What is 23 - (6 + -9 - (-3 + -1) - -11)?
11
Evaluate (3 - -136) + -1 + 21866 + -21852.
152
(-64 - (-67 + 18) - (1 + -5)) + 48 + 1
38
Evaluate (2 - (13 + -11 + 13)) + (3 - (-4 - -4)).
-10
(19 - (40 + -40)) + -28
-9
Calculate -42 - 177 - -93 - -66.
-60
(4 - 44) + 218 + -190
-12
What is the value of 51 + 57 + -58 + -48?
2
Evaluate 51 + (-10 - ((349 - 343) + (-8 - (0 + -1)))).
42
-2 + -1 - 1 - (-24 + 6 + 10 + -6)
10
What is the value of 4 + -18 - -5 - (15 + -52 + -3)?
31
What is 2 + -36 + 207 + -79 + -90?
4
What is the value of -20 + -4 + (-16 - (14 + -62))?
8
(0 - (-2 - 23)) + (-1 - (49 + -43))
18
Evaluate 0 - (74 + -85 + 1).
10
What is 0 - (-42 - -89 - 77)?
30
Evaluate (34 - (-11 - -21)) + (17 - 62).
-21
Calculate 3 + (20 + -40 + 16 - 22) + 0 + -3.
-26
Calculate 4 - (137 + (8 - (41 + -18))).
-118
Evaluate 23 - (-21 - -45) - (-7 + 0 + -28).
34
Calculate 63 - (-31 + 81) - (-4 - ((1 - -25) + -5)).
38
What is the value of 45 + -141 + 201 + -10?
95
((7 - -8) + -27 - (-22 + 0)) + 0 + -88
-78
What is the value of -40 + 12 + -18 + -30 + 12 + 12?
-52
(-60 - -42) + 7 - (0 - -11)
-22
What is the value of (-2 - 6) + (-86 - (51 - 110))?
-35
Evaluate -22 - (-25 + 18 + 42) - (0 + -13).
-44
16 + (36 - 86) - -52
18
Calculate -6 + (13 - (-3 + (27 - 19))).
2
(-1290 - -1277 - (-41 - 0)) + -130
-102
-18 + 13 + -1 + (55 - 71) + 18
-4
Calculate 7 - (41 + 35 + -63).
-6
Evaluate -2 - 50 - ((-24 - (-4 - -3)) + (-143 - -155)).
-41
Evaluate -17 + (29 - (-24 + 13) - (9 - -2)).
12
Calculate -17 + -80 + 50 + -1.
-48
Evaluate (-10 - (-14 + -4)) + (-5 + -8 + 8 - 4).
-1
What is 23 - 4 - (19 - (36 + -14))?
22
What is 3 - (1 + 1 + (-43 - -33) - -32)?
-21
What is -32 - (-3 + -43 + (-1 - -8))?
7
What is the value of 84 + -67 + (-59 - -86)?
44
Calculate (-9 - (-8 - 13)) + (-756 - -803).
59
Calculate (-93 - (-20 + -4)) + (-2 - (2 - -10)).
-83
What is -2 - -2 - (37 + -42 + -2 + 0 + -15)?
22
What is the value of 39 + 84 + -81 + (-1 - (-3 - 0))?
44
Evaluate 7 + (-63 - -31 - -21).
-4
What is the value of 20 + (9 - (12 - 29) - 68)?
-22
What is 38 + 11 + -41 - (-151 - -6 - (8 + -15))?
146
Calculate 3 + 68 + (2 - (-13 - -7 - (9 + -19))).
69
What is the value of -9 - -57 - (-1 + 14 + 4)?
31
What is the value of -18 - (-113 - -106 - -33)?
-44
Evaluate -8983 - -8964 - (-2 - ((0 - (-1 + 0)) + -8)).
-24
What is the value of 16 + (-1 + -46 - (-5 - -17))?
-43
What is -9 + -11 + (-20 - -20 - (-75 - 0))?
55
Evaluate (-1 + -6 - (-9 - 6)) + 9 + -10.
7
What is 4 + (-13 - (-2 + -3 - 68)) + (-11 - -4)?
57
What is the value of 8 + 3 - ((-1088 - -1071) + (9 - (1 - 2)))?
18
(-1 - 90) + (-158 - (-246 + 102))
-105
What is 1189 + -1194 - (39 - (-2 + 3) - -2)?
-45
Calculate -15 + -47 + 20 + -2 + (0 - -1).
-43
What is -2 + (55 - (109 + -19))?
-37
Calculate (10 - 110 - -88) + -38.
-50
-3 - 55 - (29 + -109)
22
Calculate (2 + 13 - 5) + (28 + -12 + -12 - -2).
16
Calculate (13 - 73) + (-1262 - -1421).
99
What is 2817 - 2876 - (-33 + 1)?
-27
Calculate (0 - (-7 - (1 + (-9 - (11 - 15))))) + 65.
68
6 + 101 - (-201 - -249)
59
Evaluate 8 + 4 + -12 - 85 - (-5 + -11 - -5).
-74
What is 40 - (16 - 0) - (1 - -32)?
-9
What is the value of -5 + 10 + 29 + 49 + -80?
3
What is -49 + (13 - -79) + -59?
-16
Evaluate 13 + (3 + -36 - (-35 + 16)).
-1
Evaluate 103 - 94 - (-5 + -6 - -6).
14
What is (-12 - (71 + -53)) + 32?
2
What is the value of 15 - (-7 + 1 + (-23 - (-41 + 41)))?
44
Calculate (-12 - 3) + 0 + 10 + (24 - 19) + 82.
82
Calculate 17 + (-14 + (7 + -12 - -57) - -8).
63
What is the value of -12 - 1 - (-21 + -1)?
9
(23 - (51 - 51) - 50) + (0 - -2) + -9
-34
Calculate 4 + 72 - (-10 + (9 - -17 - 11)).
71
1 + 8 + 23 + (-15 + 1 - (-56 - -57))
17
What is the value of (17 + -19 - 5) + (-28 - -23)?
-12
Evaluate (-49 - 6) + -6 + (-140 - -134) + (15 - -1).
-51
Calculate 12 - -88 - (9 - (-41 + 6)).
56
What is -19 + (-77 - -109) - (109 - -1)?
-97
Calculate 2 + 71 + -17 + -18 + 20 - -15.
73
-19 - (10 - (160 - 86))
45
Evaluate 66 - 64 - -3 - (0 + 3 + 23 + 4).
-25
What is (32 - 10) + 4 - 20 - 60?
-54
What is the value of (38 - ((7 - 3) + 2)) + (3 - (9 + -13))?
39
51 + (-83 - (64 - 67))
-29
Evaluate -9 + 1 + -12 + 23 + -2.
1
Calculate (17 - 38) + (-11 - (66 - -17)) + 24.
-91
What is 0 + -31 + 67 + -16 - -65?
85
Evaluate 56 - ((-37 - -52) + 13).
28
Calculate -32 - 39 - -68 - (-42 + (-3 - 1) + 2).
41
What is 1 - -4 - (-69 + 70) - (-1 + 1 + 24)?
-20
What is the value of -13 + -7 + (78 - 1) - 9?
48
Evaluate (-28 - -81) + 38 + -89 - -14.
16
Evaluate -20 + (4 - (-11 + -11 + 6 + 7)).
-7
What is -2 + 0 - (5536 - 5556)?
18
What is the value of -77 - (142 - 111) - -5?
-103
Evaluate -19 + 36 + 28 + -44.
1
What is (2034 - 1938) + 0 + -30?
66
Evaluate 65 + (-260 - -97) - -17.
-81
-54 - ((-4 - (-13 - -19)) + (17 - (0 - -3)))
-58
Evaluate (27 - (55 - 0)) + (4 - -16).
-8
Calculate 5 + (-8 - (9 - (9 - 3))) + 46 + 3.
43
Calculate -38 + (-57 - -59) + -23.
-59
What is the value of -9 + 22 + -16 + -30 + (0 - (-2 - 9))?
-22
Evaluate -6 + (1 + -2 + 3 + -1 - 25).
-30
What is -6 + (6 - (19 - (24 - 27)))?
-22
(4 + -4 - 0) + (-125 - -133) - -14
22
Calculate 16 + 0 + -317 + 284.
-17
What is (5 - 9) + -14 - (-136 - -75)?
43
What is the value of (-23 - (-33 - 83)) + (-12 - 13)?
68
What is the value of -6 - -12 - (-3 - (-2 - (-15 - -7)))?
15
Evaluate -7 + (-17 - (0 + (-10 - (-18 - -12)))).
-20
What is the value of 5 + -8 + 35 + -6 + 6?
32
What is the value of -17 + -4 - (-46 + 26) - (-1 + 6)?
-6
What is the value of 13 + -124 - (11 + -6 - 9 - 1)?
-106
What is 3669 + -3715 + 1 + (-41 - 0)?
-86
Evaluate (-94 - -116) + (0 - (-10 + 5 + 4)).
23
Evaluate -33 - ((-15 - 0) + (50 - 12)).
-56
Calculate -59 - (-1 - (17 + 17 + -30) - -17).
-71
-391 + 300 - (31 + -85)
-37
What is the value of 74 - ((-1 - -19) + -78 + (9 - -56))?
69
-